**3 - 7*p + 1. What is d(2)?
-5
Let q(s) = s + 40. Give q(-11).
29
Let l(s) = -4*s - 7. What is l(10)?
-47
Let x(o) = -o**3 - 18*o**2 - o - 9. Calculate x(-18).
9
Let y(r) = r**2 + 2*r + 6. Determine y(-4).
14
Let z(t) = 7*t + 30. Give z(-12).
-54
Let r(l) = 2*l**3 - 8*l**2 + 9*l + 4. Calculate r(4).
40
Let t(r) = -r**2 - 15*r - 26. Give t(-14).
-12
Let p(h) = 2*h + 3. Determine p(-3).
-3
Let c(q) = 3*q**2 - 45*q + 8. Determine c(15).
8
Let m(k) = -4*k - 2. Give m(6).
-26
Let l(c) = -c**2 + 35*c - 85. Determine l(33).
-19
Let w(s) = 52*s + 15. What is w(0)?
15
Let w(c) = 2*c - 20. What is w(-3)?
-26
Let t(i) = i**2 - 20*i + 31. Determine t(17).
-20
Let j(q) = -q**3 - q**2 + q - 8. Calculate j(-2).
-6
Let f(w) = w**2 + 20*w - 51. Determine f(-24).
45
Let g(f) = 17*f + 92. Determine g(-5).
7
Let d(l) = -l**3 - 15*l**2 + 3*l - 24. Give d(-15).
-69
Let v(a) = a**3 - a**2 - 4*a + 3. What is v(3)?
9
Let g(h) = 13*h - 56. Give g(4).
-4
Let z(i) = -2*i**2 - 3*i - 3. Calculate z(-2).
-5
Let u(p) = -4*p**2 + 3*p. Calculate u(4).
-52
Let r(j) = j**3 - 14*j**2 + 9*j + 14. Determine r(13).
-38
Let a(d) = 26*d - 6. What is a(4)?
98
Let u(w) = -4*w - 34. Calculate u(-14).
22
Let l(c) = -3*c**3 - 5*c**2 - 3*c + 3. Give l(-2).
13
Let t(i) = 4*i - 2. Calculate t(-4).
-18
Let h(j) = j**2 + 3*j - 13. What is h(-6)?
5
Let o(r) = r**3 + 12*r**2 - 15*r + 18. What is o(-13)?
44
Let s(n) = -7*n - 51. What is s(-7)?
-2
Let m(b) = -b**3 - 7*b**2 - 2*b - 3. What is m(-5)?
-43
Let y(w) = -2*w + 6. Give y(-5).
16
Let a(r) = 3*r - 67. What is a(0)?
-67
Let g(b) = -b**2 - 19*b - 26. Calculate g(-18).
-8
Let y(i) = i**3 + 10*i**2 - 3*i - 8. Calculate y(-10).
22
Let m(b) = 6*b - 1. Calculate m(3).
17
Let y(k) = 3*k**3 - 5*k**2 + 5*k. What is y(3)?
51
Let f(m) = -2*m**2 - m + 4. Determine f(2).
-6
Let p(b) = b**2 - 65*b + 1060. What is p(31)?
6
Let t(x) = 2*x**2 - 8*x + 5. Calculate t(4).
5
Let c(m) = -m**3 + 12*m**2 - 2*m - 10. Give c(12).
-34
Let h(i) = 3*i + 121. Determine h(-38).
7
Let f(o) = o + 2. Calculate f(3).
5
Let i(y) = y**2 + 14*y + 25. Calculate i(-2).
1
Let k(w) = w**2 + 6*w - 9. What is k(-4)?
-17
Let l(q) = -4*q + 30. What is l(7)?
2
Let d(j) = j**3 - 11*j**2 + 10*j + 9. What is d(9)?
-63
Let b(m) = -6*m + 121. Calculate b(22).
-11
Let c(w) = -w**2 + 5*w - 5. Determine c(-6).
-71
Let z(o) = 3*o - 8. Determine z(4).
4
Let n(v) = -v**2 - 22*v + 1108. Give n(-46).
4
Let o(g) = g**2 + 3*g - 7. Calculate o(-7).
21
Let g(o) = -o**3 + 3*o**2 + 6*o + 1. What is g(5)?
-19
Let c(x) = 13*x + 36. Calculate c(-5).
-29
Let n(m) = m**3 - 8*m**2 + 7*m - 3. What is n(7)?
-3
Let d(u) = 2*u**2 + 7*u + 21. Give d(-6).
51
Let u(r) = -r**3 + 4*r**2 - 5*r + 11. Calculate u(5).
-39
Let l(z) = z**3 + 6*z**2 + 4*z + 6. What is l(-4)?
22
Let g(r) = r**2 + r - 1. Give g(-1).
-1
Let k(r) = -r**3 + 10*r**2 - 7*r - 5. Calculate k(9).
13
Let d(u) = -6*u + 73. Give d(9).
19
Let w(k) = -2*k - 2. Determine w(5).
-12
Let d(u) = 12*u - 10. Determine d(3).
26
Let m(p) = 2*p**2 + 12*p - 26. Determine m(3).
28
Let p(g) = 42*g + 253. What is p(-6)?
1
Let a(b) = b**2 - b - 1. What is a(-1)?
1
Let i(o) = -5*o**2 - 4*o - 4. Determine i(-2).
-16
Let a(p) = p**2 - 29*p + 20. Determine a(29).
20
Let k(l) = l**3 - 12*l**2 - l + 14. What is k(12)?
2
Let u(l) = -5*l + 44. Calculate u(9).
-1
Let k(p) = 3*p - 15. Calculate k(5).
0
Let c(s) = 14*s - 6. Determine c(-5).
-76
Let i(m) = 2*m**3 + 2*m**2 - 2*m - 4. Determine i(-2).
-8
Let u(h) = 10*h - 16. Calculate u(7).
54
Let c(b) = b**3 + 11*b**2 + 13*b + 6. Calculate c(-10).
-24
Let r(s) = -4*s**3 + 3. Give r(-2).
35
Let u(f) = -12*f**3 + f**2 - 2*f + 1. What is u(1)?
-12
Let i(q) = -26*q + 12. Determine i(-3).
90
Let g(l) = -l**3 - 8*l**2 - l - 2. Determine g(-8).
6
Let w(n) = -n**2 + 14*n + 25. Determine w(17).
-26
Let o(g) = -29*g - 148. What is o(-5)?
-3
Let f(m) = -4*m**3 + 3*m**2 + 2*m - 3. What is f(-3)?
126
Let m(u) = 9*u**2 + 75*u - 51. Give m(-9).
3
Let q(a) = -a + 13. Give q(-9).
22
Let v(j) = -j**2 + 9*j - 9. Determine v(7).
5
Let g(i) = i**3 - 6*i**2 - 4*i + 3. Calculate g(7).
24
Let c(t) = 4*t - 1. Give c(3).
11
Let h(s) = 5*s**2 + 5*s + 6. What is h(-2)?
16
Let y(k) = 5*k - 25. What is y(8)?
15
Let y(l) = 12*l**2 - l + 2. Give y(1).
13
Let f(c) = -7*c + 64. What is f(9)?
1
Let q(y) = 6*y - 94. What is q(15)?
-4
Let q(w) = -w**2 - 32*w - 276. Give q(-17).
-21
Let k(i) = 8*i. Calculate k(3).
24
Let g(a) = 2*a**3 + 4*a**2 - 3*a + 8. What is g(-5)?
-127
Let o(w) = -4*w**3 + 2*w**2 - w - 1. Give o(2).
-27
Let q(g) = -5*g - 29. What is q(16)?
-109
Let g(p) = 6*p**3 + 4*p**2 + 4. What is g(-2)?
-28
Let d(m) = m**2 + 62*m + 641. What is d(-13)?
4
Let a(o) = o**2 - 8*o - 8. Calculate a(7).
-15
Let m(z) = -z + 26. Calculate m(-7).
33
Let l(j) = 29*j + 1254. What is l(-43)?
7
Let p(m) = m**2 - 6*m - 12. Give p(7).
-5
Let m(a) = a**3 + 25*a**2 + 27*a + 82. What is m(-24)?
10
Let y(z) = -7*z - 7. Determine y(-6).
35
Let f(r) = -2*r + 4. What is f(15)?
-26
Let q(r) = -r**3 - 5*r**2 + 5*r + 27. Give q(-5).
2
Let s(f) = -3*f - 22. What is s(-12)?
14
Let g(m) = 2*m**2 - 12. What is g(-4)?
20
Let i(c) = -68*c - 450. Give i(-7).
26
Let y(g) = g**2 + 8*g - 8. Calculate y(-8).
-8
Let d(r) = -r**2 - 15*r - 29. Calculate d(-8).
27
Let f(a) = -2*a**2 + 24*a - 22. Calculate f(9).
32
Let d(b) = 45*b - 4. Calculate d(-2).
-94
Let h(b) = 8*b - 64. Determine h(6).
-16
Let q(f) = -f**3 + 15*f**2 + 15*f + 29. Determine q(16).
13
Let z(m) = -m**2 - 10*m + 2. Determine z(-10).
2
Let v(s) = -s**2 + s + 10. Calculate v(5).
-10
Let s(j) = -5*j**2 - 5*j - 1. Calculate s(-4).
-61
Let p(m) = -6*m - 85. Give p(-13).
-7
Let q(w) = 9*w**3 - 2*w**2 - 8*w - 7. Give q(-1).
-10
Let r(y) = -y - 10. Calculate r(6).
-16
Let w(a) = a**3 - 7*a**2 + 6*a - 8. Determine w(5).
-28
Let f(p) = p - 53. Give f(16).
-37
Let i(h) = h**2 - 9*h - 60. Calculate i(13).
-8
Let c(x) = -7*x**2 + 68*x + 93. Determine c(11).
-6
Let k(t) = -t**3 + 6*t**2 - 10*t + 13. Calculate k(5).
-12
Let l(q) = -7*q**2 + 5*q + 11. Calculate l(-3).
-67
Let z(f) = 5*f**2 - 112*f + 45. What is z(22)?
1
Let a(o) = 11*o - 12. Give a(0).
-12
Let r(y) = 66*y**2 + 2*y + 3. Calculate r(-1).
67
Let j(i) = -i**3 + 8*i**2 - i - 86. What is j(0)?
-86
Let i(f) = 5*f**3 + f - 2. What is i(1)?
4
Let l(u) = -25*u + 1. Give l(-2).
51
Let p(k) = 3*k + 43. Calculate p(-18).
-11
Let v(z) = -2*z**3 - 17*z**2 + 11*z + 7. What is v(-9)?
-11
Let y(m) = m**3 - 21*m**2 - 3*m + 43. Give y(21).
-20
Let c(w) = 2*w - 16. What is c(2)?
-12
Let l(c) = -160*c**3 - 2*c**2 - 5*c - 3. Determine l(-1).
160
Let v(m) = m**3 + 11*m**2 + 7*m - 14. Give v(-10).
16
Let x(f) = 3*f**3 - 3*f**2 - f + 2. Give x(2).
12
Let h(b) = b**2 - 10*b - 19. Determine h(13).
20
Let k(a) = -a**2 + 20*a - 96. Determine k(10).
4
Let v(l) = -8*l - 1. Give v(1).
-9
Let r(w) = -4*w - 21. What is r(-7)?
7
Let y(f) = -f**3 + f. What is y(-2)?
6
Let g(w) = -2*w**2 - 28*w - 90. Give g(-7).
8
Let i(m) = -m + 12. Give i(7).
5
Let z(k) = 2*k**3 - 2*k. Give z(2).
12
Let h(t) = t**2 + 13*t - 23. What is h(-15)?
7
Let h(u) = u**3 + 39*u**2 + 37*u - 42. Determine h(-38).
-4
Let v(b) = b**3 + 8*b**2 + 10*b - 1. What is v(-7)?
-22
Let c(g) = -g**3 - 4*g**2 - 8*g + 17. Determine c(-5).
82
Let h(s) = 12*s + 12. What is h(2)?
36
Let n(z) = 5*z**2 + 4*z + 2. What is n(4)?
98
Let m(k) = k**3 - 5*k**2 - 7*k - 4. Determine m(6).
-10
Let t(r) = -r**3 - 14*r**2 + 55*r + 42. Determine t(-17).
-26
Let b(c) = -4*c**2 + 5*c - 2. Determine b(3).
-23
Let b(n) = n + 22. What is b(0)?
22
Let g(l) = -l**2 + 21*l + 53. Calculate g(23).
7
Let f(s) = -26*s**3 + s**2 - s + 1. Give f(1).
-25
Let r(a) = -2*a**3 - 4*a**2 - 40*a + 43. Calculate r(1).
-3
Let r(j) = 4*j - 74. Determine r(17).
-6
Let k(j) = -14*j + 136. What is k(9)?
10
Let a(h) = h + 3. What is a(-9)?
-6
Let q(l) = -l**2 - 12*l - 1. Determine q(-7).
34
Let y(m) = 83*m**3 + 2*m**2 - m. What is y(1)?
84
Let q(f) = -58*f**3 - 2*f**2 + 2. Give q(1).
-58
Let b(q) = -3*q + 13. Determine b(4).
1
Let g(q) = 3*q**3 - 2*q**2 + 4*q - 3. Calculate g(2).
21
Let f(c) = c**3 - 17*c**2 - 19*c + 11. What is f(18)?
-7
Let z(b) = -2*b**3 + b**2 + 2*b. Calculate z(2).
-8
Let f(l) = 2*l**3 + 9*l**2 - 5*l + 4. Determine f(-5).
4
Let o(k) = 3*k - 10. Determine o(3).
-1
Let k(w) = -4*w + 